{"id":814,"date":"2022-11-03T03:06:46","date_gmt":"2022-11-03T03:06:46","guid":{"rendered":""},"modified":"2025-07-07T15:29:47","modified_gmt":"2025-07-07T21:29:47","slug":"services","status":"publish","type":"page","link":"https:\/\/tqcustomsbrokerage.com\/spanish\/services\/","title":{"rendered":"Services &#038; Solutions"},"content":{"rendered":"\t\t<div data-elementor-type=\"wp-page\" data-elementor-id=\"814\" class=\"elementor elementor-814\" data-elementor-post-type=\"page\">\n\t\t\t\t\t\t<section class=\" elementor-section elementor-top-section elementor-element elementor-element-9d1c4ac elementor-section-boxed elementor-section-height-default elementor-section-height-default smart-sticky-default\" data-id=\"9d1c4ac\" data-element_type=\"section\" data-settings=\"{&quot;background_background&quot;:&quot;classic&quot;}\">\r\n\t\t\t\t\t\t\t\t<div class=\"elementor-container elementor-column-gap-default\">\r\n\t\t\t\t\r\n\t\t\t\t\t\t\t\t<div class=\" elementor-column elementor-col-100 elementor-top-column elementor-element elementor-element-fa43bc9 \" data-id=\"fa43bc9\" data-element_type=\"column\">\r\n\r\n\t\t\t\t\r\n\t\t\t\t<div class=\"elementor-widget-wrap elementor-element-populated\">\r\n\t\t\t\t\t\t\t\t\t\t\r\n\t\t\t\t\t\t<div class=\"elementor-element elementor-element-413a39e elementor-widget elementor-widget-heading\" data-id=\"413a39e\" data-element_type=\"widget\" data-widget_type=\"heading.default\">\n\t\t\t\t<div class=\"elementor-widget-container\">\n\t\t\t\t\t<h1 class=\"elementor-heading-title elementor-size-default\">SERVICIOS Y SOLUCIONES<\/h1>\t\t\t\t<\/div>\n\t\t\t\t<\/div>\n\t\t\t\t<section class=\" elementor-section elementor-inner-section elementor-element elementor-element-2add8ff elementor-section-boxed elementor-section-height-default elementor-section-height-default smart-sticky-default\" data-id=\"2add8ff\" data-element_type=\"section\">\r\n\t\t\t\t\t\t\t\t<div class=\"elementor-container elementor-column-gap-default\">\r\n\t\t\t\t\r\n\t\t\t\t\t\t\t\t<div class=\" elementor-column elementor-col-33 elementor-inner-column elementor-element elementor-element-bbccfec \" data-id=\"bbccfec\" data-element_type=\"column\" data-settings=\"{&quot;background_background&quot;:&quot;classic&quot;}\">\r\n\r\n\t\t\t\t\r\n\t\t\t\t<div class=\"elementor-widget-wrap elementor-element-populated\">\r\n\t\t\t\t\t\t\t\t\t\t\t<div class=\"elementor-background-overlay\"><\/div>\r\n\t\t\t\t\t\t\t\t\t\t\r\n\t\t\t\t\t\t<div class=\"elementor-element elementor-element-7c28c52 elementor-widget elementor-widget-heading\" data-id=\"7c28c52\" data-element_type=\"widget\" data-widget_type=\"heading.default\">\n\t\t\t\t<div class=\"elementor-widget-container\">\n\t\t\t\t\t<h3 class=\"elementor-heading-title elementor-size-default\">AGENCIA ADUANAL<\/h3>\t\t\t\t<\/div>\n\t\t\t\t<\/div>\n\t\t\t\t<div class=\"elementor-element elementor-element-3fd90e6 elementor-widget elementor-widget-text-editor\" data-id=\"3fd90e6\" data-element_type=\"widget\" data-widget_type=\"text-editor.default\">\n\t\t\t\t<div class=\"elementor-widget-container\">\n\t\t\t\t\t\t\t\t\t<ul style=\"font-weight: 400;\"><li>Tr\u00e1mite Aduanal Americano<\/li><li>Tr\u00e1mite Aduanal Mexicano<\/li><li>Despacho Aduanal Terrestre, Mar\u00edtimo,<br \/>A\u00e9reo &amp; Ferrocarril<\/li><li>Despacho Aduanal aeronaves Ch\u00e1rter<\/li><li>Despacho Aduanal a nivel nacional para<br \/>todos los Puertos de E.U.<\/li><li>Cumplimiento Aduanal ante Agencias de<br \/>Gobierno (FDA, USDA, DOT, EPA)<\/li><li>Tecnolog\u00edas EDI &amp; FTP<\/li><li>Tr\u00e1mite de Fianza para Importaci\u00f3n a E.U.<\/li><\/ul>\t\t\t\t\t\t\t\t<\/div>\n\t\t\t\t<\/div>\n\t\t\t\t\t\t<\/div>\r\n\t\t\t\t<\/div>\r\n\t\t\t\t\t\t\t\t\t<div class=\" elementor-column elementor-col-33 elementor-inner-column elementor-element elementor-element-6753104 \" data-id=\"6753104\" data-element_type=\"column\" data-settings=\"{&quot;background_background&quot;:&quot;classic&quot;}\">\r\n\r\n\t\t\t\t\r\n\t\t\t\t<div class=\"elementor-widget-wrap elementor-element-populated\">\r\n\t\t\t\t\t\t\t\t\t\t\r\n\t\t\t\t\t\t<div class=\"elementor-element elementor-element-ed5997d elementor-widget elementor-widget-heading\" data-id=\"ed5997d\" data-element_type=\"widget\" data-widget_type=\"heading.default\">\n\t\t\t\t<div class=\"elementor-widget-container\">\n\t\t\t\t\t<h3 class=\"elementor-heading-title elementor-size-default\">CUMPLIMIENTO ADUANERO Y AHORRO DE IMPUESTOS<\/h3>\t\t\t\t<\/div>\n\t\t\t\t<\/div>\n\t\t\t\t<div class=\"elementor-element elementor-element-56f1b0f elementor-widget elementor-widget-text-editor\" data-id=\"56f1b0f\" data-element_type=\"widget\" data-widget_type=\"text-editor.default\">\n\t\t\t\t<div class=\"elementor-widget-container\">\n\t\t\t\t\t\t\t\t\t<ul style=\"font-weight: 400;\"><li>Clasificaci\u00f3n Arancelaria<\/li><li>Experiencia en USMCA &amp; Tratados de Libre<br \/>Comercio<\/li><li>Expertos en HTSUS Cap\u00edtulo 98<\/li><li>Expertos en las secciones 301 &amp; 232<\/li><\/ul>\t\t\t\t\t\t\t\t<\/div>\n\t\t\t\t<\/div>\n\t\t\t\t\t\t<\/div>\r\n\t\t\t\t<\/div>\r\n\t\t\t\t\t\t\t\t\t<div class=\" elementor-column elementor-col-33 elementor-inner-column elementor-element elementor-element-0ffe6f9 \" data-id=\"0ffe6f9\" data-element_type=\"column\" data-settings=\"{&quot;background_background&quot;:&quot;classic&quot;}\">\r\n\r\n\t\t\t\t\r\n\t\t\t\t<div class=\"elementor-widget-wrap elementor-element-populated\">\r\n\t\t\t\t\t\t\t\t\t\t\r\n\t\t\t\t\t\t<div class=\"elementor-element elementor-element-36e4cf9 elementor-widget elementor-widget-heading\" data-id=\"36e4cf9\" data-element_type=\"widget\" data-widget_type=\"heading.default\">\n\t\t\t\t<div class=\"elementor-widget-container\">\n\t\t\t\t\t<h3 class=\"elementor-heading-title elementor-size-default\">OTROS SERVICIOS\n<\/h3>\t\t\t\t<\/div>\n\t\t\t\t<\/div>\n\t\t\t\t<div class=\"elementor-element elementor-element-ffe7ff4 elementor-widget elementor-widget-text-editor\" data-id=\"ffe7ff4\" data-element_type=\"widget\" data-widget_type=\"text-editor.default\">\n\t\t\t\t<div class=\"elementor-widget-container\">\n\t\t\t\t\t\t\t\t\t<ul style=\"font-weight: 400;\"><li>Servicio de Bodega y Transbordo<\/li><li>Registro ante FDA<\/li><li>Permisos USDA APHIS<\/li><li>Reportes &amp; Anal\u00edtica KPI<\/li><li>Acceso al Portal en l\u00ednea<\/li><li>Peticiones FP&amp;F<\/li><\/ul>\t\t\t\t\t\t\t\t<\/div>\n\t\t\t\t<\/div>\n\t\t\t\t\t\t<\/div>\r\n\t\t\t\t<\/div>\r\n\t\t\t\t\t\t\t\t<\/div>\r\n\t\t\t<\/section>\r\n\t\t\t\t\t\t\t<\/div>\r\n\t\t\t\t<\/div>\r\n\t\t\t\t\t\t\t\t<\/div>\r\n\t\t\t<\/section>\r\n\t\t\t\t\t<section class=\" elementor-section elementor-top-section elementor-element elementor-element-5589b48 elementor-section-boxed elementor-section-height-default elementor-section-height-default smart-sticky-default\" data-id=\"5589b48\" data-element_type=\"section\">\r\n\t\t\t\t\t\t\t\t<div class=\"elementor-container elementor-column-gap-default\">\r\n\t\t\t\t\r\n\t\t\t\t\t\t\t\t<div class=\" elementor-column elementor-col-100 elementor-top-column elementor-element elementor-element-f1d8522 \" data-id=\"f1d8522\" data-element_type=\"column\">\r\n\r\n\t\t\t\t\r\n\t\t\t\t<div class=\"elementor-widget-wrap elementor-element-populated\">\r\n\t\t\t\t\t\t\t\t\t\t\r\n\t\t\t\t\t\t<div class=\"elementor-element elementor-element-605885b elementor-widget elementor-widget-spacer\" data-id=\"605885b\" data-element_type=\"widget\" data-widget_type=\"spacer.default\">\n\t\t\t\t<div class=\"elementor-widget-container\">\n\t\t\t\t\t\t\t<div class=\"elementor-spacer\">\n\t\t\t<div class=\"elementor-spacer-inner\"><\/div>\n\t\t<\/div>\n\t\t\t\t\t\t<\/div>\n\t\t\t\t<\/div>\n\t\t\t\t\t\t<\/div>\r\n\t\t\t\t<\/div>\r\n\t\t\t\t\t\t\t\t<\/div>\r\n\t\t\t<\/section>\r\n\t\t\t\t\t<section class=\" elementor-section elementor-top-section elementor-element elementor-element-b42e77b elementor-section-boxed elementor-section-height-default elementor-section-height-default smart-sticky-default\" data-id=\"b42e77b\" data-element_type=\"section\" data-settings=\"{&quot;background_background&quot;:&quot;classic&quot;}\">\r\n\t\t\t\t\t\t\t\t<div class=\"elementor-container elementor-column-gap-default\">\r\n\t\t\t\t\r\n\t\t\t\t\t\t\t\t<div class=\" elementor-column elementor-col-100 elementor-top-column elementor-element elementor-element-9f2494f \" data-id=\"9f2494f\" data-element_type=\"column\" data-settings=\"{&quot;background_background&quot;:&quot;classic&quot;}\">\r\n\r\n\t\t\t\t\r\n\t\t\t\t<div class=\"elementor-widget-wrap elementor-element-populated\">\r\n\t\t\t\t\t\t\t\t\t\t\r\n\t\t\t\t\t\t<div class=\"elementor-element elementor-element-f5a049b elementor-widget elementor-widget-heading\" data-id=\"f5a049b\" data-element_type=\"widget\" data-widget_type=\"heading.default\">\n\t\t\t\t<div class=\"elementor-widget-container\">\n\t\t\t\t\t<h2 class=\"elementor-heading-title elementor-size-default\">CASO DE ESTUDIO\n<\/h2>\t\t\t\t<\/div>\n\t\t\t\t<\/div>\n\t\t\t\t<div class=\"elementor-element elementor-element-aeef078 elementor-widget__width-initial elementor-widget elementor-widget-heading\" data-id=\"aeef078\" data-element_type=\"widget\" data-widget_type=\"heading.default\">\n\t\t\t\t<div class=\"elementor-widget-container\">\n\t\t\t\t\t<h4 class=\"elementor-heading-title elementor-size-default\">Recuperaci\u00f3n de $340K en Impuestos<\/h4>\t\t\t\t<\/div>\n\t\t\t\t<\/div>\n\t\t\t\t<div class=\"elementor-element elementor-element-75a7eea elementor-widget elementor-widget-heading\" data-id=\"75a7eea\" data-element_type=\"widget\" data-widget_type=\"heading.default\">\n\t\t\t\t<div class=\"elementor-widget-container\">\n\t\t\t\t\t<h4 class=\"elementor-heading-title elementor-size-default\">TQ Customs Brokerage logr\u00f3 recuperar con \u00e9xito un reembolso CBP de $340,000 d\u00f3lares para uno de nuestros clientes.<\/h4>\t\t\t\t<\/div>\n\t\t\t\t<\/div>\n\t\t\t\t<div class=\"elementor-element elementor-element-b95dfdc elementor-widget elementor-widget-text-editor\" data-id=\"b95dfdc\" data-element_type=\"widget\" data-widget_type=\"text-editor.default\">\n\t\t\t\t<div class=\"elementor-widget-container\">\n\t\t\t\t\t\t\t\t\t<ul>\n<li><strong>Historia Previa<\/strong>:\n<p>Uno de los productos manufacturados que hab\u00edan estado importando a los E.U., nos lo reportaron como no eligible para aplicar el Tratado de Libre Comercio. El producto estaba elaborado por componentes de varios pa\u00edses y pas\u00f3 por varios procesos. El fabricante extranjero bien establecido y experimentado de nuestro cliente declar\u00f3 este producto no calificaba para trato preferencial del acuerdo de libre comercio USMCA.<\/p>\n<\/li>\n<\/ul>\n<ul>\n<li><strong>Nuestra Estrategia de Colaboraci\u00f3n<\/strong>:<br>Le informamos a nuestro cliente que podr\u00edamos realizar un an\u00e1lisis exhaustivo de elegibilidad de USMCA para este producto. Como resultado de nuestro servicio, determinamos que el producto calificaba para el trato preferencial libre de impuestos. Llegamos a esta conclusi\u00f3n no a trav\u00e9s de la presentaci\u00f3n de una resoluci\u00f3n de CBP, sino a trav\u00e9s de nuestra propia investigaci\u00f3n interna.<\/li>\n<\/ul>\n<ul>\n<li><strong>Resultado<\/strong>:<br>Posteriormente, CBP estuvo de acuerdo con esta determinaci\u00f3n y pudimos presentar una protesta para recuperar un reembolso de CBP para nuestro cliente por un total de $340,000.<\/li>\n<\/ul>\t\t\t\t\t\t\t\t<\/div>\n\t\t\t\t<\/div>\n\t\t\t\t<div class=\"elementor-element elementor-element-8f9fc7d elementor-widget__width-initial elementor-widget elementor-widget-counter\" data-id=\"8f9fc7d\" data-element_type=\"widget\" data-widget_type=\"counter.default\">\n\t\t\t\t<div class=\"elementor-widget-container\">\n\t\t\t\t\t\t\t<div class=\"elementor-counter\">\n\t\t\t<div class=\"elementor-counter-title\">Reembolso al cliente<\/div>\t\t\t<div class=\"elementor-counter-number-wrapper\">\n\t\t\t\t<span class=\"elementor-counter-number-prefix\">$<\/span>\n\t\t\t\t<span class=\"elementor-counter-number\" data-duration=\"6000\" data-to-value=\"340000\" data-from-value=\"0\" data-delimiter=\",\">0<\/span>\n\t\t\t\t<span class=\"elementor-counter-number-suffix\"><\/span>\n\t\t\t<\/div>\n\t\t<\/div>\n\t\t\t\t\t\t<\/div>\n\t\t\t\t<\/div>\n\t\t\t\t\t\t<\/div>\r\n\t\t\t\t<\/div>\r\n\t\t\t\t\t\t\t\t<\/div>\r\n\t\t\t<\/section>\r\n\t\t\t\t\t<section class=\" elementor-section elementor-top-section elementor-element elementor-element-17d5820 elementor-section-boxed elementor-section-height-default elementor-section-height-default smart-sticky-default\" data-id=\"17d5820\" data-element_type=\"section\">\r\n\t\t\t\t\t\t\t\t<div class=\"elementor-container elementor-column-gap-default\">\r\n\t\t\t\t\r\n\t\t\t\t\t\t\t\t<div class=\" elementor-column elementor-col-100 elementor-top-column elementor-element elementor-element-2865869 \" data-id=\"2865869\" data-element_type=\"column\">\r\n\r\n\t\t\t\t\r\n\t\t\t\t<div class=\"elementor-widget-wrap elementor-element-populated\">\r\n\t\t\t\t\t\t\t\t\t\t\r\n\t\t\t\t\t\t<div class=\"elementor-element elementor-element-2db2422 elementor-widget elementor-widget-spacer\" data-id=\"2db2422\" data-element_type=\"widget\" data-widget_type=\"spacer.default\">\n\t\t\t\t<div class=\"elementor-widget-container\">\n\t\t\t\t\t\t\t<div class=\"elementor-spacer\">\n\t\t\t<div class=\"elementor-spacer-inner\"><\/div>\n\t\t<\/div>\n\t\t\t\t\t\t<\/div>\n\t\t\t\t<\/div>\n\t\t\t\t\t\t<\/div>\r\n\t\t\t\t<\/div>\r\n\t\t\t\t\t\t\t\t<\/div>\r\n\t\t\t<\/section>\r\n\t\t\t\t\t<section class=\" elementor-section elementor-top-section elementor-element elementor-element-235958c elementor-section-boxed elementor-section-height-default elementor-section-height-default smart-sticky-default\" data-id=\"235958c\" data-element_type=\"section\" data-settings=\"{&quot;background_background&quot;:&quot;classic&quot;}\">\r\n\t\t\t\t\t\t\t\t<div class=\"elementor-container elementor-column-gap-default\">\r\n\t\t\t\t\r\n\t\t\t\t\t\t\t\t<div class=\" elementor-column elementor-col-100 elementor-top-column elementor-element elementor-element-2050e26 \" data-id=\"2050e26\" data-element_type=\"column\" data-settings=\"{&quot;background_background&quot;:&quot;classic&quot;}\">\r\n\r\n\t\t\t\t\r\n\t\t\t\t<div class=\"elementor-widget-wrap elementor-element-populated\">\r\n\t\t\t\t\t\t\t\t\t\t\t<div class=\"elementor-background-overlay\"><\/div>\r\n\t\t\t\t\t\t\t\t\t\t\r\n\t\t\t\t\t\t<div class=\"elementor-element elementor-element-8ee3206 elementor-widget__width-initial elementor-widget elementor-widget-text-editor\" data-id=\"8ee3206\" data-element_type=\"widget\" data-widget_type=\"text-editor.default\">\n\t\t\t\t<div class=\"elementor-widget-container\">\n\t\t\t\t\t\t\t\t\t<p><span style=\"font-size: x-large;\"><strong>Durante 25 a\u00f1os<\/strong>,<\/span> TQ ha sido un socio confiable en tr\u00e1mite aduanal, ofreciendo soluciones sin contratiempos y fomentando relaciones comerciales s\u00f3lidas. Entendemos nuestro papel crucial en las cadenas de suministro de nuestros clientes y seguimos comprometidos en superar sus expectativas. Nuestra dedicaci\u00f3n a la confiabilidad, eficiencia y \u00e9xito del cliente est\u00e1 en el coraz\u00f3n de todo lo que hacemos.<\/p>\t\t\t\t\t\t\t\t<\/div>\n\t\t\t\t<\/div>\n\t\t\t\t\t\t<\/div>\r\n\t\t\t\t<\/div>\r\n\t\t\t\t\t\t\t\t<\/div>\r\n\t\t\t<\/section>\r\n\t\t\t\t\t<\/div>\n\t\t","protected":false},"excerpt":{"rendered":"<p>SERVICIOS Y SOLUCIONES AGENCIA ADUANAL Tr\u00e1mite Aduanal Americano Tr\u00e1mite Aduanal Mexicano Despacho Aduanal Terrestre, Mar\u00edtimo,A\u00e9reo &amp; Ferrocarril Despacho Aduanal aeronaves Ch\u00e1rter Despacho Aduanal a nivel nacional paratodos los Puertos de E.U. Cumplimiento Aduanal ante Agencias deGobierno (FDA, USDA, DOT, EPA) Tecnolog\u00edas EDI &amp; FTP Tr\u00e1mite de Fianza para Importaci\u00f3n a E.U. CUMPLIMIENTO ADUANERO Y AHORRO [&hellip;]<\/p>\n","protected":false},"author":1,"featured_media":0,"parent":0,"menu_order":0,"comment_status":"closed","ping_status":"closed","template":"","meta":{"footnotes":""},"class_list":["post-814","page","type-page","status-publish","hentry"],"_links":{"self":[{"href":"https:\/\/tqcustomsbrokerage.com\/spanish\/wp-json\/wp\/v2\/pages\/814","targetHints":{"allow":["GET"]}}],"collection":[{"href":"https:\/\/tqcustomsbrokerage.com\/spanish\/wp-json\/wp\/v2\/pages"}],"about":[{"href":"https:\/\/tqcustomsbrokerage.com\/spanish\/wp-json\/wp\/v2\/types\/page"}],"author":[{"embeddable":true,"href":"https:\/\/tqcustomsbrokerage.com\/spanish\/wp-json\/wp\/v2\/users\/1"}],"replies":[{"embeddable":true,"href":"https:\/\/tqcustomsbrokerage.com\/spanish\/wp-json\/wp\/v2\/comments?post=814"}],"version-history":[{"count":21,"href":"https:\/\/tqcustomsbrokerage.com\/spanish\/wp-json\/wp\/v2\/pages\/814\/revisions"}],"predecessor-version":[{"id":5025,"href":"https:\/\/tqcustomsbrokerage.com\/spanish\/wp-json\/wp\/v2\/pages\/814\/revisions\/5025"}],"wp:attachment":[{"href":"https:\/\/tqcustomsbrokerage.com\/spanish\/wp-json\/wp\/v2\/media?parent=814"}],"curies":[{"name":"wp","href":"https:\/\/api.w.org\/{rel}","templated":true}]}}